{"id":3,"date":"2023-07-13T17:16:15","date_gmt":"2023-07-13T15:16:15","guid":{"rendered":"http:\/\/kathrein-rechtsanwaelte.at\/?page_id=3"},"modified":"2025-08-13T09:15:34","modified_gmt":"2025-08-13T07:15:34","slug":"datenschutzerklaerung","status":"publish","type":"page","link":"https:\/\/kathrein-rechtsanwaelte.at\/?page_id=3","title":{"rendered":"Datenschutzerkl\u00e4rung"},"content":{"rendered":"\t\t<div data-elementor-type=\"wp-page\" data-elementor-id=\"3\" class=\"elementor elementor-3\">\n\t\t\t\t\t\t<section class=\"elementor-section elementor-top-section elementor-element elementor-element-20a3c09b elementor-section-boxed elementor-section-height-default elementor-section-height-default\" data-id=\"20a3c09b\" data-element_type=\"section\" data-e-type=\"section\">\n\t\t\t\t\t\t<div class=\"elementor-container elementor-column-gap-wide\">\n\t\t\t\t\t<div class=\"elementor-column elementor-col-100 elementor-top-column elementor-element elementor-element-5d92fcbf\" data-id=\"5d92fcbf\" data-element_type=\"column\" data-e-type=\"column\">\n\t\t\t<div class=\"elementor-widget-wrap elementor-element-populated\">\n\t\t\t\t\t\t<div class=\"elementor-element elementor-element-47971685 elementor-widget elementor-widget-text-editor\" data-id=\"47971685\" data-element_type=\"widget\" data-e-type=\"widget\" data-widget_type=\"text-editor.default\">\n\t\t\t\t<div class=\"elementor-widget-container\">\n\t\t\t\t\t\t\t\t\t<p>Datenschutzerkl\u00e4rung<\/p><p><!-- \/wp:paragraph --><\/p>\t\t\t\t\t\t\t\t<\/div>\n\t\t\t\t<\/div>\n\t\t\t\t\t<\/div>\n\t\t<\/div>\n\t\t\t\t\t<\/div>\n\t\t<\/section>\n\t\t\t\t<section class=\"elementor-section elementor-top-section elementor-element elementor-element-e401159 elementor-section-boxed elementor-section-height-default elementor-section-height-default\" data-id=\"e401159\" data-element_type=\"section\" data-e-type=\"section\">\n\t\t\t\t\t\t<div class=\"elementor-container elementor-column-gap-default\">\n\t\t\t\t\t<div class=\"elementor-column elementor-col-100 elementor-top-column elementor-element elementor-element-b73ebef\" data-id=\"b73ebef\" data-element_type=\"column\" data-e-type=\"column\">\n\t\t\t<div class=\"elementor-widget-wrap elementor-element-populated\">\n\t\t\t\t\t\t<div class=\"elementor-element elementor-element-019156c elementor-widget elementor-widget-text-editor\" data-id=\"019156c\" data-element_type=\"widget\" data-e-type=\"widget\" data-widget_type=\"text-editor.default\">\n\t\t\t\t<div class=\"elementor-widget-container\">\n\t\t\t\t\t\t\t\t\t<p class=\"p3\">der Regiegemeinschaft<\/p><ul class=\"ul1\"><li style=\"list-style-type: none;\"><ul class=\"ul1\"><li class=\"li3\">MMag. Eva Kathrein, Rechtsanw\u00e4ltin<\/li><li class=\"li3\">Mag. Michael Kathrein, Rechtsanwalt<\/li><\/ul><\/li><\/ul><p>\u00a0<\/p><p class=\"p4\"><b>I. Personenbezogene Daten<\/b><\/p><p class=\"p5\">Jeder der oben genannten Rechtsanw\u00e4lte erhebt, verarbeitet und nutzt Ihre personenbezogenen Daten nur mit Ihrer Einwilligung bzw Mandatierung oder Bestellung zu den mit Ihnen vereinbarten Zwecken oder wenn eine sonstige rechtliche Grundlage im Einklang mit der DSGVO vorliegt; dies unter Einhaltung der datenschutz- und zivilrechtlichen Bestimmungen.<\/p><p class=\"p5\">Es werden nur solche personenbezogenen Daten erhoben, die f\u00fcr die Durchf\u00fchrung und Abwicklung unserer rechtsanwaltlichen Leistungen erforderlich sind oder die Sie dem jeweiligen Rechtsanwalt freiwillig zur Verf\u00fcgung gestellt haben.<\/p><p class=\"p5\">Personenbezogene Daten sind alle Daten, die Einzelangaben \u00fcber pers\u00f6nliche oder sachliche Verh\u00e4ltnisse enthalten, beispielsweise Name, Anschrift, Emailadresse, Telefonnummer, Geburtsdatum, Alter, Geschlecht, Sozialversicherungsnummer, Videoaufzeichnungen, Fotos, Stimmaufnahmen von Personen sowie biometrische Daten wie etwa Fingerabdr\u00fccke. Auch sensible Daten, wie Gesundheitsdaten oder Daten im Zusammenhang mit einem Strafverfahren k\u00f6nnen mitumfasst sein.<\/p><p class=\"p4\"><b>II. Auskunft und L\u00f6schung<\/b><\/p><p class=\"p5\">Jeder Betroffene \u2013 sohin auch Sie als Mandantin oder Mandant \u2013 haben, unter Wahrung der rechtsanwaltlichen Verschwiegenheitspflicht gem\u00e4\u00df \u00a7 9 RAO, jederzeit das Recht auf Auskunft \u00fcber Ihre gespeicherten personenbezogenen Daten, deren Herkunft und Empf\u00e4nger und den Zweck der Datenverarbeitung sowie ein Recht auf Berichtigung, Daten\u00fcbertragung, Widerspruch, Einschr\u00e4nkung der Bearbeitung sowie Sperrung oder L\u00f6schung unrichtiger bzw. unzul\u00e4ssig verarbeiteter Daten.<\/p><p class=\"p5\">Insoweit sich \u00c4nderungen Ihrer pers\u00f6nlichen Daten ergeben, ersuchen wir um entsprechende Mitteilung.<\/p><p class=\"p5\">Sie haben jederzeit das Recht, eine erteilte Einwilligung zur Nutzung Ihrer personenbezogenen Daten zu widerrufen. Ihre Eingabe auf Auskunft, L\u00f6schung, Berichtigung, Widerspruch und\/oder Daten\u00fcbertragung, im letztgenannten Fall, sofern damit nicht ein unverh\u00e4ltnism\u00e4\u00dfiger Aufwand verursacht wird, kann zu Handen des jeweiligen Rechtsanwaltes und an die in Punkt 10. dieser Erkl\u00e4rung angef\u00fchrte Anschrift des jeweiligen Rechtsanwaltes gerichtet werden.<\/p><p class=\"p5\">Wenn Sie der Auffassung sind, dass die Verarbeitung Ihrer personenbezogenen Daten durch die jeweilige Rechtsanwaltskanzlei (Rechtsanw\u00e4ltin MMag. Eva Kathrein, Rechtsanwalt Mag. Michael\u00a0Kathrein oder Rechtsanwalt Dr. Bernd Schmidhammer) gegen das geltende Datenschutzrecht verst\u00f6\u00dft oder Ihre datenschutzrechtlichen Anspr\u00fcche in einer anderen Weise verletzt worden sind, besteht die M\u00f6glichkeit, sich bei der zust\u00e4ndigen Aufsichtsbeh\u00f6rde zu beschweren.<\/p><p class=\"p5\">Als Betroffene(r) haben Sie daher das Recht, sich bei der, in \u00d6sterreich zust\u00e4ndigen Datenschutzbeh\u00f6rde zu beschweren. Die Anschrift lautet:<\/p><p class=\"p7\">\u00d6sterreichische Datenschutzbeh\u00f6rde<\/p><p class=\"p7\">Wickenburggasse 8, 1080 Wien<\/p><p class=\"p7\">Telefon:\u00a0+43\u00a01\u00a052\u00a0152-0, E-Mail: dsb@dsb.gv.at<\/p><p class=\"p4\"><b>III. Datensicherheit<\/b><\/p><p class=\"p5\">Der Schutz Ihrer personenbezogenen Daten erfolgt durch entsprechende organisatorische und technische Vorkehrungen. Diese Vorkehrungen betreffen insbesondere den Schutz vor unerlaubtem, rechtswidrigem oder auch zuf\u00e4lligem Zugriff, Verarbeitung, Verlust, Verwendung und Manipulation.<\/p><p class=\"p5\">Ungeachtet der Bem\u00fchungen der Einhaltung eines stets angemessen hohen Standards der Sorgfaltsanforderungen kann nicht ausgeschlossen werden, dass Informationen, die Sie uns \u00fcber das Internet \u2013 auch WhatsApp, Facebook usw. \u2013 bekannt geben, von anderen Personen eingesehen und genutzt werden.<\/p><p class=\"p5\">Bitte beachten Sie, dass wir daher keine wie immer geartete Haftung f\u00fcr die Offenlegung von Informationen aufgrund nicht von uns verursachter Fehler bei der Daten\u00fcbertragung und\/oder unautorisiertem Zugriff durch Dritte \u00fcbernehmen (zB Hackangriff auf Email-Account bzw. Telefon, Abfangen von Faxen).<\/p><p class=\"p4\"><b>IV. Verwendung der Daten<\/b><\/p><p class=\"p5\">Die jeweilige Rechtsanwaltskanzlei (Rechtsanw\u00e4ltin MMag. Eva Kathrein, oder Rechtsanwalt Mag. Michael\u00a0Kathrein) wird die zur Verf\u00fcgung gestellten Daten nicht f\u00fcr andere Zwecke als die durch den Mandatsvertrag oder durch Ihre Einwilligung oder sonst durch eine Bestimmung im Einklang mit der DSGVO gedeckten Zwecken verarbeiten. Ausgenommen hiervon ist die Nutzung f\u00fcr statistische Zwecke, sofern die zur Verf\u00fcgung gestellten Daten anonymisiert wurden.<\/p><p class=\"p4\"><b>V. \u00dcbermittlung von Daten an Dritte<\/b><\/p><p class=\"p5\">Zur Erf\u00fcllung Ihres Auftrages ist es m\u00f6glicherweise auch erforderlich, Ihre Daten an Dritte (zB Gegenseite, Substitute, Versicherungen, Dienstleister, derer wir uns bedienen und denen wir Daten zur Verf\u00fcgung stellen, etc) Gerichte oder Beh\u00f6rden, weiterzuleiten. Eine Weiterleitung Ihrer Daten erfolgt ausschlie\u00dflich auf Grundlage der DSGVO, insb zur Erf\u00fcllung Ihres Auftrags oder aufgrund Ihrer vorherigen Einwilligung.<\/p><p class=\"p5\">Weiters informieren wir Sie dar\u00fcber, dass im Rahmen unserer rechtsanwaltlichen Vertretung und Betreuung regelm\u00e4\u00dfig auch sachverhalts- und fallbezogene Informationen von Ihnen von dritten Stellen bezogen werden.<\/p><p class=\"p5\">Manche der oben genannten Empf\u00e4nger Ihrer personenbezogenen Daten befinden sich au\u00dferhalb Ihres Landes oder verarbeiten dort Ihre personenbezogenen Daten. Das Datenschutzniveau in anderen L\u00e4ndern entspricht unter Umst\u00e4nden nicht dem \u00d6sterreichs. Wir \u00fcbermitteln Ihre personenbezogenen Daten jedoch nur in L\u00e4nder, f\u00fcr welche die EU-Kommission entschieden hat, dass sie \u00fcber ein angemessenes Datenschutzniveau verf\u00fcgen oder wir setzen Ma\u00dfnahmen, um zu gew\u00e4hrleisten, dass alle Empf\u00e4nger ein angemessenes Datenschutzniveau haben wozu wir Standardvertragsklauseln (2010\/87\/EC und\/oder 2004\/915\/EC) abschlie\u00dfen.<\/p><p class=\"p4\"><b>VI. Bekanntgabe von Datenpannen<\/b><\/p><p class=\"p5\">Wir sind bem\u00fcht sicherzustellen, dass Datenpannen fr\u00fchzeitig erkannt und gegebenenfalls unverz\u00fcglich Ihnen bzw der zust\u00e4ndigen Aufsichtsbeh\u00f6rde unter Einbezug der jeweiligen Datenkategorien, die betroffen sind, gemeldet werden.<\/p><p class=\"p7\"><b>VII. Aufbewahrung der Daten<\/b><\/p><p class=\"p5\">Wir werden Daten nicht l\u00e4nger aufbewahren als dies zur Erf\u00fcllung unserer vertraglichen bzw gesetzlichen Verpflichtungen und zur Abwehr allf\u00e4lliger Haftungsanspr\u00fcche erforderlich ist.<\/p><p class=\"p7\"><b>VIII. Cookies<\/b><\/p><p class=\"p5\">Die Website verwendet \u201eCookies\u201c, um das Angebot nutzerfreundlicher, effektiver und sicherer zu gestalten.<\/p><p class=\"p5\">Ein \u201eCookie\u201c ist eine kleine Textdatei, die wir \u00fcber unseren Web-Server an die Cookie-Datei des Browsers auf die Festplatte Ihres Computers \u00fcbermitteln. Damit wird es unserer Website erm\u00f6glicht, Sie als Nutzer wiederzuerkennen, wenn eine Verbindung zwischen unserem Web-Server und Ihrem Browser hergestellt wird. Cookies helfen uns dabei, die Nutzungsh\u00e4ufigkeit und die Anzahl der Nutzer unserer Internetseiten zu ermitteln. Der Inhalt der von uns verwendeten Cookies beschr\u00e4nkt sich auf eine Identifikationsnummer, die keine Personenbeziehbarkeit mehr auf den Nutzer zul\u00e4sst. Der Hauptzweck eines Cookies ist die Erkennung der Besucher der Website.<\/p><p class=\"p5\">Zwei Arten von Cookies werden auf dieser Website verwendet:<\/p><ul class=\"ul1\"><li class=\"li5\">Session Cookies: Das sind tempor\u00e4re Cookies, die bis zum Verlassen unserer Website in der Cookie-Datei Ihres Browsers verweilen und nach Ende Ihres Besuchs automatisch gel\u00f6scht werden.<\/li><li class=\"li5\">Dauerhafte Cookies: F\u00fcr eine bessere Benutzerfreundlichkeit bleiben Cookies auf Ihrem Endger\u00e4t gespeichert und erlauben es uns, Ihren Browser beim n\u00e4chsten Besuch wiederzuerkennen.<\/li><\/ul><p class=\"p5\">Sie k\u00f6nnen Ihren Browser so einstellen, dass Sie \u00fcber das Setzen von Cookies informiert werden und Cookies nur im Einzelfall erlauben, die Annahme von Cookies f\u00fcr bestimmte F\u00e4lle oder generell ausschlie\u00dfen sowie das automatische L\u00f6schen der Cookies beim Schlie\u00dfen des Browsers aktivieren. Bei der Deaktivierung von Cookies kann die Funktionalit\u00e4t dieser Website eingeschr\u00e4nkt sein.<\/p><p class=\"p4\"><b>IX. Server-Log-Files<\/b><\/p><p class=\"p5\">Zur Optimierung der Website in Bezug auf die System-Performance, Benutzerfreundlichkeit und Bereitstellung von n\u00fctzlichen Informationen \u00fcber unsere Dienstleistungen erhebt und speichert der Provider der Website automatisch Informationen in so genannten Server-Log Files, die Ihr Browser automatisch an uns \u00fcbermittelt. Davon umfasst sind Ihre Internet-Protokoll Adresse (IP-Adresse), Browser und Spracheinstellung, Betriebssystem, Referrer URL, Ihr Internet Service Provider und Datum\/Uhrzeit.<\/p><p class=\"p5\">Eine Zusammenf\u00fchrung dieser Daten mit personenbezogenen Datenquellen wird nicht vorgenommen. Wir behalten uns vor, diese Daten nachtr\u00e4glich zu pr\u00fcfen, wenn uns konkrete Anhaltspunkte f\u00fcr eine rechtswidrige Nutzung bekannt werden.<\/p><p class=\"p4\"><b>X. Kontaktdaten<\/b><\/p><p class=\"p5\">Der Schutz Ihrer Daten ist jedem der Regiepartner besonders wichtig. Wir sind f\u00fcr Sie unter den unten angef\u00fchrten Kontaktdaten jederzeit f\u00fcr Ihre Fragen oder Ihren Widerruf erreichbar.<\/p><p class=\"p5\"><strong><span class=\"s3\">F\u00fcr Mandanten oder Betroffene der Rechtsanwaltskanzlei MMag. Eva Kathrein:<\/span><\/strong><\/p><p class=\"p5\">MMag. Eva Kathrein<\/p><p class=\"p5\">Andreas-Hofer-Stra\u00dfe 6<\/p><p class=\"p5\">6020 Innsbruck<\/p><p class=\"p8\"><span class=\"s3\"><a href=\"mailto:office@rechtsanwaltinnsbruck.at\">office@rechtsanwaltinnsbruck.at<\/a><\/span><\/p><p class=\"p5\"><strong><span class=\"s3\">F\u00fcr Mandanten oder Betroffene der Rechtsanwaltskanzlei Mag. Michael Kathrein:<\/span><\/strong><\/p><p class=\"p5\">Mag. Michael Kathrein<\/p><p class=\"p5\">Andreas-Hofer-Stra\u00dfe 6<\/p><p class=\"p5\">6020 Innsbruck<\/p><p class=\"p8\"><span class=\"s3\"><a href=\"mailto:office@rechtsanwaltinnsbruck.at\">office@rechtsanwaltinnsbruck.at<\/a><\/span><\/p>\t\t\t\t\t\t\t\t<\/div>\n\t\t\t\t<\/div>\n\t\t\t\t\t<\/div>\n\t\t<\/div>\n\t\t\t\t\t<\/div>\n\t\t<\/section>\n\t\t\t\t<\/div>\n\t\t","protected":false},"excerpt":{"rendered":"<p>Datenschutzerkl\u00e4rung der Regiegemeinschaft MMag. Eva Kathrein, Rechtsanw\u00e4ltin Mag. Michael Kathrein, Rechtsanwalt \u00a0 I. Personenbezogene Daten Jeder der oben genannten Rechtsanw\u00e4lte erhebt, verarbeitet und nutzt Ihre personenbezogenen Daten nur mit Ihrer Einwilligung bzw Mandatierung oder Bestellung zu den mit Ihnen vereinbarten Zwecken oder wenn eine sonstige rechtliche Grundlage im Einklang mit der DSGVO vorliegt; dies unter [&hellip;]<\/p>\n","protected":false},"author":1,"featured_media":0,"parent":0,"menu_order":0,"comment_status":"closed","ping_status":"open","template":"","meta":{"footnotes":""},"class_list":["post-3","page","type-page","status-publish","hentry"],"_links":{"self":[{"href":"https:\/\/kathrein-rechtsanwaelte.at\/index.php?rest_route=\/wp\/v2\/pages\/3","targetHints":{"allow":["GET"]}}],"collection":[{"href":"https:\/\/kathrein-rechtsanwaelte.at\/index.php?rest_route=\/wp\/v2\/pages"}],"about":[{"href":"https:\/\/kathrein-rechtsanwaelte.at\/index.php?rest_route=\/wp\/v2\/types\/page"}],"author":[{"embeddable":true,"href":"https:\/\/kathrein-rechtsanwaelte.at\/index.php?rest_route=\/wp\/v2\/users\/1"}],"replies":[{"embeddable":true,"href":"https:\/\/kathrein-rechtsanwaelte.at\/index.php?rest_route=%2Fwp%2Fv2%2Fcomments&post=3"}],"version-history":[{"count":23,"href":"https:\/\/kathrein-rechtsanwaelte.at\/index.php?rest_route=\/wp\/v2\/pages\/3\/revisions"}],"predecessor-version":[{"id":482,"href":"https:\/\/kathrein-rechtsanwaelte.at\/index.php?rest_route=\/wp\/v2\/pages\/3\/revisions\/482"}],"wp:attachment":[{"href":"https:\/\/kathrein-rechtsanwaelte.at\/index.php?rest_route=%2Fwp%2Fv2%2Fmedia&parent=3"}],"curies":[{"name":"wp","href":"https:\/\/api.w.org\/{rel}","templated":true}]}}